{"id":4105,"date":"2026-04-27T15:12:11","date_gmt":"2026-04-27T12:12:11","guid":{"rendered":"https:\/\/ir.bilkent.edu.tr\/?page_id=4105"},"modified":"2026-04-27T15:12:37","modified_gmt":"2026-04-27T12:12:37","slug":"2024-phd-graduates","status":"publish","type":"page","link":"https:\/\/ir.bilkent.edu.tr\/?page_id=4105","title":{"rendered":"2024 PhD Graduates"},"content":{"rendered":"\n<div class=\"wp-block-media-text alignwide is-stacked-on-mobile\" style=\"grid-template-columns:20% auto\"><figure class=\"wp-block-media-text__media\"><img decoding=\"async\" loading=\"lazy\" width=\"200\" height=\"200\" src=\"https:\/\/ir.bilkent.edu.tr\/wp-content\/uploads\/2026\/04\/1749839308662.jpeg\" alt=\"\" class=\"wp-image-4106 size-full\" srcset=\"https:\/\/ir.bilkent.edu.tr\/wp-content\/uploads\/2026\/04\/1749839308662.jpeg 200w, https:\/\/ir.bilkent.edu.tr\/wp-content\/uploads\/2026\/04\/1749839308662-150x150.jpeg 150w\" sizes=\"(max-width: 200px) 100vw, 200px\" \/><\/figure><div class=\"wp-block-media-text__content\">\n<p><strong>Orhun Bayraktar<\/strong><\/p>\n\n\n\n<p><strong>Dissertation Title:<\/strong>&nbsp;Turkey&#8217;s balancing act: The Compartmentalization of security and economics, 1945-1980 <\/p>\n\n\n\n<p><strong>Supervisor:<\/strong>&nbsp;Samuel J. Hirst<\/p>\n\n\n\n<p><strong>Graduation Year:<\/strong>&nbsp;2024<\/p>\n\n\n\n<p><strong>Affiliation:<\/strong> TRT <\/p>\n<\/div><\/div>\n\n\n\n<div style=\"height:100px\" aria-hidden=\"true\" class=\"wp-block-spacer\"><\/div>\n\n\n\n<div class=\"wp-block-media-text alignwide is-stacked-on-mobile\" style=\"grid-template-columns:20% auto\"><figure class=\"wp-block-media-text__media\"><img decoding=\"async\" loading=\"lazy\" width=\"683\" height=\"1024\" src=\"https:\/\/ir.bilkent.edu.tr\/wp-content\/uploads\/2023\/04\/buse-photo-683x1024.jpg\" alt=\"\" class=\"wp-image-881 size-full\" srcset=\"https:\/\/ir.bilkent.edu.tr\/wp-content\/uploads\/2023\/04\/buse-photo-683x1024.jpg 683w, https:\/\/ir.bilkent.edu.tr\/wp-content\/uploads\/2023\/04\/buse-photo-200x300.jpg 200w, https:\/\/ir.bilkent.edu.tr\/wp-content\/uploads\/2023\/04\/buse-photo-768x1152.jpg 768w, https:\/\/ir.bilkent.edu.tr\/wp-content\/uploads\/2023\/04\/buse-photo-1024x1536.jpg 1024w, https:\/\/ir.bilkent.edu.tr\/wp-content\/uploads\/2023\/04\/buse-photo-1365x2048.jpg 1365w, https:\/\/ir.bilkent.edu.tr\/wp-content\/uploads\/2023\/04\/buse-photo-scaled.jpg 1707w\" sizes=\"(max-width: 683px) 100vw, 683px\" \/><\/figure><div class=\"wp-block-media-text__content\">\n<p><strong>Buse D\u00fcvero\u011flu <\/strong><\/p>\n\n\n\n<p><strong>Dissertation Title:<\/strong>&nbsp;Unveiling the process behind counterinsurgency: Three essays on the impact of leadership, group, and societal dynamics on policymaking<\/p>\n\n\n\n<p><strong>Supervisor:<\/strong>&nbsp;\u0130. Efe Tokdemir<\/p>\n\n\n\n<p><strong>Graduation Year:<\/strong>&nbsp;2024<\/p>\n\n\n\n<p><strong>Affiliation:<\/strong> Adana Alparslan T\u00fcrke\u015f Bilim ve Teknoloji \u00dcniversitesi<\/p>\n<\/div><\/div>\n","protected":false},"excerpt":{"rendered":"<p>Orhun Bayraktar Dissertation Title:&nbsp;Turkey&#8217;s balancing act: The Compartmentalization of security and economics, 1945-1980 Supervisor:&nbsp;Samuel J. Hirst Graduation Year:&nbsp;2024 Affiliation: TRT Buse D\u00fcvero\u011flu Dissertation Title:&nbsp;Unveiling the process behind counterinsurgency: Three essays on the impact of leadership, group, and societal dynamics on policymaking Supervisor:&nbsp;\u0130. Efe Tokdemir Graduation Year:&nbsp;2024 Affiliation: Adana Alparslan T\u00fcrke\u015f Bilim ve Teknoloji \u00dcniversitesi<\/p>\n","protected":false},"author":1,"featured_media":0,"parent":0,"menu_order":0,"comment_status":"closed","ping_status":"closed","template":"","meta":[],"_links":{"self":[{"href":"https:\/\/ir.bilkent.edu.tr\/index.php?rest_route=\/wp\/v2\/pages\/4105"}],"collection":[{"href":"https:\/\/ir.bilkent.edu.tr\/index.php?rest_route=\/wp\/v2\/pages"}],"about":[{"href":"https:\/\/ir.bilkent.edu.tr\/index.php?rest_route=\/wp\/v2\/types\/page"}],"author":[{"embeddable":true,"href":"https:\/\/ir.bilkent.edu.tr\/index.php?rest_route=\/wp\/v2\/users\/1"}],"replies":[{"embeddable":true,"href":"https:\/\/ir.bilkent.edu.tr\/index.php?rest_route=%2Fwp%2Fv2%2Fcomments&post=4105"}],"version-history":[{"count":2,"href":"https:\/\/ir.bilkent.edu.tr\/index.php?rest_route=\/wp\/v2\/pages\/4105\/revisions"}],"predecessor-version":[{"id":4108,"href":"https:\/\/ir.bilkent.edu.tr\/index.php?rest_route=\/wp\/v2\/pages\/4105\/revisions\/4108"}],"wp:attachment":[{"href":"https:\/\/ir.bilkent.edu.tr\/index.php?rest_route=%2Fwp%2Fv2%2Fmedia&parent=4105"}],"curies":[{"name":"wp","href":"https:\/\/api.w.org\/{rel}","templated":true}]}}