{"id":4031,"date":"2026-04-06T16:57:19","date_gmt":"2026-04-06T13:57:19","guid":{"rendered":"https:\/\/ir.bilkent.edu.tr\/?page_id=4031"},"modified":"2026-04-06T17:02:54","modified_gmt":"2026-04-06T14:02:54","slug":"esbe-online-open-house","status":"publish","type":"page","link":"https:\/\/ir.bilkent.edu.tr\/?page_id=4031","title":{"rendered":"ESBE Open House"},"content":{"rendered":"\n<p>&#8220;Bilkent \u00dcniversitesi Ekonomi ve Sosyal Bilimler Enstit\u00fcs\u00fc (ESBE) y\u00fcksek lisans ve doktora programlar\u0131n\u0131 Online Open House etkinli\u011fimizde ke\u015ffet!<\/p>\n\n\n\n<p>\ud83d\udcc5 25 Nisan 2026<br>\ud83d\udd5a 10.30-11.30<br>\ud83d\udcf2 Kay\u0131t i\u00e7in QR kodunu tarayabilirsin.<\/p>\n\n\n\n<p>&#8211;<\/p>\n\n\n\n<p>Explore the Masters and PhD programs of Bilkent University\u2019s Graduate School of Economics and Social Sciences (ESBE) at our Online Open House event!<\/p>\n\n\n\n<p>\ud83d\udcc5 April 25, 2026<br>\ud83d\udd5a 10:30\u201311:30<br>\ud83d\udcf2 You can register by scanning the QR code.&#8221; &#8211; Bilkent \u00dcniversitesi<\/p>\n","protected":false},"excerpt":{"rendered":"<p>&#8220;Bilkent \u00dcniversitesi Ekonomi ve Sosyal Bilimler Enstit\u00fcs\u00fc (ESBE) y\u00fcksek lisans ve doktora programlar\u0131n\u0131 Online Open House etkinli\u011fimizde ke\u015ffet! \ud83d\udcc5 25 Nisan 2026\ud83d\udd5a 10.30-11.30\ud83d\udcf2 Kay\u0131t i\u00e7in QR kodunu tarayabilirsin. &#8211; Explore the Masters and PhD programs of Bilkent University\u2019s Graduate School of Economics and Social Sciences (ESBE) at our Online Open House event! \ud83d\udcc5 April 25,&hellip;<\/p>\n","protected":false},"author":1,"featured_media":4032,"parent":0,"menu_order":0,"comment_status":"closed","ping_status":"closed","template":"","meta":[],"_links":{"self":[{"href":"https:\/\/ir.bilkent.edu.tr\/index.php?rest_route=\/wp\/v2\/pages\/4031"}],"collection":[{"href":"https:\/\/ir.bilkent.edu.tr\/index.php?rest_route=\/wp\/v2\/pages"}],"about":[{"href":"https:\/\/ir.bilkent.edu.tr\/index.php?rest_route=\/wp\/v2\/types\/page"}],"author":[{"embeddable":true,"href":"https:\/\/ir.bilkent.edu.tr\/index.php?rest_route=\/wp\/v2\/users\/1"}],"replies":[{"embeddable":true,"href":"https:\/\/ir.bilkent.edu.tr\/index.php?rest_route=%2Fwp%2Fv2%2Fcomments&post=4031"}],"version-history":[{"count":6,"href":"https:\/\/ir.bilkent.edu.tr\/index.php?rest_route=\/wp\/v2\/pages\/4031\/revisions"}],"predecessor-version":[{"id":4040,"href":"https:\/\/ir.bilkent.edu.tr\/index.php?rest_route=\/wp\/v2\/pages\/4031\/revisions\/4040"}],"wp:featuredmedia":[{"embeddable":true,"href":"https:\/\/ir.bilkent.edu.tr\/index.php?rest_route=\/wp\/v2\/media\/4032"}],"wp:attachment":[{"href":"https:\/\/ir.bilkent.edu.tr\/index.php?rest_route=%2Fwp%2Fv2%2Fmedia&parent=4031"}],"curies":[{"name":"wp","href":"https:\/\/api.w.org\/{rel}","templated":true}]}}