{"id":3728,"date":"2026-01-13T10:38:06","date_gmt":"2026-01-13T07:38:06","guid":{"rendered":"https:\/\/ir.bilkent.edu.tr\/?page_id=3728"},"modified":"2026-01-13T11:06:20","modified_gmt":"2026-01-13T08:06:20","slug":"new-publication-by-caglayan-baser","status":"publish","type":"page","link":"https:\/\/ir.bilkent.edu.tr\/?page_id=3728","title":{"rendered":"New Publication by \u00c7a\u011flayan Ba\u015fer"},"content":{"rendered":"\n<p>\u00c7a\u011flayan Ba\u015fer\u2019s book \u201cPublic Preferences, Gender, and Foreign Support for Armed Movements\u201d was published by <a href=\"https:\/\/www.cambridge.org\/core\/elements\/public-preferences-gender-and-foreign-support-for-armed-movements\/CCE3FDED4864A17B472AFFB7C964B7A8?utm_date=20260106&amp;utm_id=1767691666&amp;utm_campaign&amp;utm_source=twitter&amp;utm_medium=social&amp;utm_content\" data-type=\"URL\" data-id=\"https:\/\/www.cambridge.org\/core\/elements\/public-preferences-gender-and-foreign-support-for-armed-movements\/CCE3FDED4864A17B472AFFB7C964B7A8?utm_date=20260106&amp;utm_id=1767691666&amp;utm_campaign&amp;utm_source=twitter&amp;utm_medium=social&amp;utm_content\" target=\"_blank\" rel=\"noreferrer noopener\">Cambridge University Press Element Series in Gender and Politics<\/a>.<\/p>\n\n\n\n<p><\/p>\n","protected":false},"excerpt":{"rendered":"<p>\u00c7a\u011flayan Ba\u015fer\u2019s book \u201cPublic Preferences, Gender, and Foreign Support for Armed Movements\u201d was published by Cambridge University Press Element Series in Gender and Politics.<\/p>\n","protected":false},"author":1,"featured_media":3735,"parent":0,"menu_order":0,"comment_status":"closed","ping_status":"closed","template":"","meta":[],"_links":{"self":[{"href":"https:\/\/ir.bilkent.edu.tr\/index.php?rest_route=\/wp\/v2\/pages\/3728"}],"collection":[{"href":"https:\/\/ir.bilkent.edu.tr\/index.php?rest_route=\/wp\/v2\/pages"}],"about":[{"href":"https:\/\/ir.bilkent.edu.tr\/index.php?rest_route=\/wp\/v2\/types\/page"}],"author":[{"embeddable":true,"href":"https:\/\/ir.bilkent.edu.tr\/index.php?rest_route=\/wp\/v2\/users\/1"}],"replies":[{"embeddable":true,"href":"https:\/\/ir.bilkent.edu.tr\/index.php?rest_route=%2Fwp%2Fv2%2Fcomments&post=3728"}],"version-history":[{"count":4,"href":"https:\/\/ir.bilkent.edu.tr\/index.php?rest_route=\/wp\/v2\/pages\/3728\/revisions"}],"predecessor-version":[{"id":3736,"href":"https:\/\/ir.bilkent.edu.tr\/index.php?rest_route=\/wp\/v2\/pages\/3728\/revisions\/3736"}],"wp:featuredmedia":[{"embeddable":true,"href":"https:\/\/ir.bilkent.edu.tr\/index.php?rest_route=\/wp\/v2\/media\/3735"}],"wp:attachment":[{"href":"https:\/\/ir.bilkent.edu.tr\/index.php?rest_route=%2Fwp%2Fv2%2Fmedia&parent=3728"}],"curies":[{"name":"wp","href":"https:\/\/api.w.org\/{rel}","templated":true}]}}