{"id":3551,"date":"2025-11-13T14:32:55","date_gmt":"2025-11-13T11:32:55","guid":{"rendered":"https:\/\/ir.bilkent.edu.tr\/?page_id=3551"},"modified":"2025-11-13T14:49:23","modified_gmt":"2025-11-13T11:49:23","slug":"new-publication","status":"publish","type":"page","link":"https:\/\/ir.bilkent.edu.tr\/?page_id=3551","title":{"rendered":"New Publication"},"content":{"rendered":"\n<p>The book &#8220;<a rel=\"noreferrer noopener\" href=\"https:\/\/kronikkitap.com\/kitap\/kizil-yildiz\/\" data-type=\"URL\" data-id=\"https:\/\/kronikkitap.com\/kitap\/kizil-yildiz\/\" target=\"_blank\">K\u0131z\u0131l Y\u0131ld\u0131z: Sovyetler Birli\u011fi Tarihi<\/a>,&#8221; co-authored by Onur \u0130\u015f\u00e7i and Samuel J. Hirst, was published by Kronik Kitap.<\/p>\n","protected":false},"excerpt":{"rendered":"<p>The book &#8220;K\u0131z\u0131l Y\u0131ld\u0131z: Sovyetler Birli\u011fi Tarihi,&#8221; co-authored by Onur \u0130\u015f\u00e7i and Samuel J. Hirst, was published by Kronik Kitap.<\/p>\n","protected":false},"author":1,"featured_media":3557,"parent":0,"menu_order":0,"comment_status":"closed","ping_status":"closed","template":"","meta":[],"_links":{"self":[{"href":"https:\/\/ir.bilkent.edu.tr\/index.php?rest_route=\/wp\/v2\/pages\/3551"}],"collection":[{"href":"https:\/\/ir.bilkent.edu.tr\/index.php?rest_route=\/wp\/v2\/pages"}],"about":[{"href":"https:\/\/ir.bilkent.edu.tr\/index.php?rest_route=\/wp\/v2\/types\/page"}],"author":[{"embeddable":true,"href":"https:\/\/ir.bilkent.edu.tr\/index.php?rest_route=\/wp\/v2\/users\/1"}],"replies":[{"embeddable":true,"href":"https:\/\/ir.bilkent.edu.tr\/index.php?rest_route=%2Fwp%2Fv2%2Fcomments&post=3551"}],"version-history":[{"count":5,"href":"https:\/\/ir.bilkent.edu.tr\/index.php?rest_route=\/wp\/v2\/pages\/3551\/revisions"}],"predecessor-version":[{"id":3570,"href":"https:\/\/ir.bilkent.edu.tr\/index.php?rest_route=\/wp\/v2\/pages\/3551\/revisions\/3570"}],"wp:featuredmedia":[{"embeddable":true,"href":"https:\/\/ir.bilkent.edu.tr\/index.php?rest_route=\/wp\/v2\/media\/3557"}],"wp:attachment":[{"href":"https:\/\/ir.bilkent.edu.tr\/index.php?rest_route=%2Fwp%2Fv2%2Fmedia&parent=3551"}],"curies":[{"name":"wp","href":"https:\/\/api.w.org\/{rel}","templated":true}]}}