{"id":3219,"date":"2025-09-09T10:03:59","date_gmt":"2025-09-09T07:03:59","guid":{"rendered":"https:\/\/ir.bilkent.edu.tr\/?page_id=3219"},"modified":"2025-09-15T13:11:10","modified_gmt":"2025-09-15T10:11:10","slug":"department-of-international-relations-political-science-joint-seminar-partly-in-english","status":"publish","type":"page","link":"https:\/\/ir.bilkent.edu.tr\/?page_id=3219","title":{"rendered":"Department of International Relations &#038; Political Science Joint Seminar"},"content":{"rendered":"\n<p><strong>Title:<\/strong> T\u00fcrkiye Cumhuriyeti\u2019nin \u0130lk Y\u00fcz Y\u0131l\u0131na G\u00fcvenlik Kavram\u0131 Penceresinden Bakmak (T\u00dcB\u0130TAK 1001 Proje Tan\u0131t\u0131m\u0131 ve \u0130lk Bulgular) (Partly in English)<\/p>\n\n\n\n<p><strong>Date and Time<\/strong>: September 18, Thursday,\u00a0 15:30-17:00<\/p>\n\n\n\n<p><strong>Venue:<\/strong> A130 Seminar Room, FEASS<\/p>\n\n\n\n<p>Cumhuriyet\u2019in ilk y\u00fcz y\u0131l\u0131n\u0131 geride b\u0131rakmam\u0131z nedeniyle kendi alanlar\u0131m\u0131z\u0131n muhasebesini yapt\u0131\u011f\u0131m\u0131z bug\u00fcnlerde g\u00fcvenlik kavram\u0131n\u0131n T\u00fcrkiye\u2019de y\u00fcz y\u0131ld\u0131r merkezi rol oynad\u0131\u011f\u0131na dair saptamalar yap\u0131l\u0131yor. Hatta bir k\u0131s\u0131m literat\u00fcr bunu daha da geriye, Osmanl\u0131 \u0130mparatorlu\u011fu\u2019nun son d\u00f6nemlerine g\u00f6t\u00fcr\u00fcyor.&nbsp;Ancak bu t\u00fcr saptamalar bir paradoks i\u00e7eriyor. \u00c7\u00fcnk\u00fc g\u00fcvenlik kavram\u0131n\u0131n tarihi y\u00fcz y\u0131l geriye gitmiyor T\u00fcrkiye\u2019de. 1920\u2019li y\u0131llarda olgular\u0131 anlamland\u0131r\u0131rken kullan\u0131lan ba\u015fka kavramlar var: asayi\u015f, emniyet, koruma gibi. 1930\u2019lu y\u0131llarda kelime olarak g\u00fcvenlik kullan\u0131ma girdikten sonra bile ne zaman kavramla\u015ft\u0131\u011f\u0131n\u0131 bilmiyoruz. T\u00fcrkiye \u00fczerine olan literat\u00fcr\u00fcn as\u0131l ilgilendi\u011fi kavram olan \u2018milli g\u00fcvenlik\u2019 ise, 1940\u2019l\u0131 y\u0131llarda ABD&#8217;deki yap\u0131lanman\u0131n&nbsp; \u00f6\u011frenilmesi s\u0131ras\u0131nda kullan\u0131ma girmi\u015f, kurumsalla\u015fmas\u0131 1960\u2019lar\u0131, yayg\u0131nla\u015fmas\u0131 ise 1970\u2019li y\u0131llar\u0131 bulmu\u015f.&nbsp;Bu durumda, \u2018g\u00fcvenlik\u2019 kavram\u0131 T\u00fcrkiye\u2019nin siyasi tarihinde y\u00fcz y\u0131ld\u0131r merkezi rol oynam\u0131\u015ft\u0131r demek m\u00fcmk\u00fcn de\u011fil. Bir k\u0131s\u0131m literat\u00fcr, g\u00fcvenlik kavram\u0131 ile erken d\u00f6nemlerin kavramlar\u0131 aras\u0131ndaki ili\u015fkinin, kelimenin de\u011fi\u015fmesi (yani eski s\u00f6zc\u00fck\/yeni s\u00f6zc\u00fck ili\u015fkisi) ama kavram\u0131n devaml\u0131l\u0131\u011f\u0131 oldu\u011funu varsaysa da, ad\u0131 \u00fcst\u00fcnde, bu bir varsay\u0131m. Bu konu bilimsel olarak ara\u015ft\u0131r\u0131lmaya muhta\u00e7.&nbsp;Bu projede amac\u0131m\u0131z, T\u00fcrkiye Cumhuriyeti\u2019nin ilk y\u00fcz y\u0131l\u0131na g\u00fcvenlik kavram\u0131 penceresinden bakarak kavramsal ge\u00e7i\u015fler ile siyasi d\u00f6n\u00fc\u015f\u00fcmler aras\u0131ndaki ili\u015fkiyi daha derinlemesine anlamak. Proje kapsam\u0131nda, Reinhart Koselleck\u2019in geli\u015ftirdi\u011fi \u2018kavram tarihi\u2019 (begriffsgeschichte) yakla\u015f\u0131m\u0131n\u0131 benimseyece\u011fiz.<\/p>\n\n\n\n<p><strong>Program:<\/strong><strong><\/strong><\/p>\n\n\n\n<p>P\u0131nar Bilgin (Bilkent \u00dcniversitesi, proje y\u00fcr\u00fct\u00fcc\u00fcs\u00fc), projenin ve ekibinin tan\u0131t\u0131m\u0131<br>G\u00fcl\u015fah \u00c7apan (Erfurt \u00dcniversitesi, proje yurtd\u0131\u015f\u0131 dan\u0131\u015fman\u0131), \u201cWhat is conceptual history and its contribution to the study of politics?\u201d<br>P\u0131nar Bilgin, projenin literat\u00fcrdeki yeri ve ilk bulgular<\/p>\n","protected":false},"excerpt":{"rendered":"<p>Title: T\u00fcrkiye Cumhuriyeti\u2019nin \u0130lk Y\u00fcz Y\u0131l\u0131na G\u00fcvenlik Kavram\u0131 Penceresinden Bakmak (T\u00dcB\u0130TAK 1001 Proje Tan\u0131t\u0131m\u0131 ve \u0130lk Bulgular) (Partly in English) Date and Time: September 18, Thursday,\u00a0 15:30-17:00 Venue: A130 Seminar Room, FEASS Cumhuriyet\u2019in ilk y\u00fcz y\u0131l\u0131n\u0131 geride b\u0131rakmam\u0131z nedeniyle kendi alanlar\u0131m\u0131z\u0131n muhasebesini yapt\u0131\u011f\u0131m\u0131z bug\u00fcnlerde g\u00fcvenlik kavram\u0131n\u0131n T\u00fcrkiye\u2019de y\u00fcz y\u0131ld\u0131r merkezi rol oynad\u0131\u011f\u0131na dair saptamalar yap\u0131l\u0131yor.&hellip;<\/p>\n","protected":false},"author":1,"featured_media":3229,"parent":0,"menu_order":0,"comment_status":"closed","ping_status":"closed","template":"","meta":[],"_links":{"self":[{"href":"https:\/\/ir.bilkent.edu.tr\/index.php?rest_route=\/wp\/v2\/pages\/3219"}],"collection":[{"href":"https:\/\/ir.bilkent.edu.tr\/index.php?rest_route=\/wp\/v2\/pages"}],"about":[{"href":"https:\/\/ir.bilkent.edu.tr\/index.php?rest_route=\/wp\/v2\/types\/page"}],"author":[{"embeddable":true,"href":"https:\/\/ir.bilkent.edu.tr\/index.php?rest_route=\/wp\/v2\/users\/1"}],"replies":[{"embeddable":true,"href":"https:\/\/ir.bilkent.edu.tr\/index.php?rest_route=%2Fwp%2Fv2%2Fcomments&post=3219"}],"version-history":[{"count":5,"href":"https:\/\/ir.bilkent.edu.tr\/index.php?rest_route=\/wp\/v2\/pages\/3219\/revisions"}],"predecessor-version":[{"id":3285,"href":"https:\/\/ir.bilkent.edu.tr\/index.php?rest_route=\/wp\/v2\/pages\/3219\/revisions\/3285"}],"wp:featuredmedia":[{"embeddable":true,"href":"https:\/\/ir.bilkent.edu.tr\/index.php?rest_route=\/wp\/v2\/media\/3229"}],"wp:attachment":[{"href":"https:\/\/ir.bilkent.edu.tr\/index.php?rest_route=%2Fwp%2Fv2%2Fmedia&parent=3219"}],"curies":[{"name":"wp","href":"https:\/\/api.w.org\/{rel}","templated":true}]}}