{"id":3023,"date":"2025-08-17T17:40:26","date_gmt":"2025-08-17T14:40:26","guid":{"rendered":"https:\/\/ir.bilkent.edu.tr\/?page_id=3023"},"modified":"2025-08-17T17:41:38","modified_gmt":"2025-08-17T14:41:38","slug":"tugba-bayar","status":"publish","type":"page","link":"https:\/\/ir.bilkent.edu.tr\/?page_id=3023","title":{"rendered":"Tu\u011fba Bayar"},"content":{"rendered":"<div class=\"wp-block-image\">\n<figure class=\"aligncenter size-full\"><img decoding=\"async\" loading=\"lazy\" width=\"214\" height=\"300\" src=\"https:\/\/ir.bilkent.edu.tr\/wp-content\/uploads\/2023\/03\/Tugba-Bayar-442-214x300-removebg-preview.png\" alt=\"\" class=\"wp-image-348\"\/><\/figure><\/div>\n\n\n<p>Tu\u011fba Bayar is a Lecturer in the International Relations Department at \u0130.D. Bilkent University. She holds a Ph.D. in International Relations from Otto-Friedrich-Universit\u00e4t Bamberg, Germany. Her research centers on international regimes, international law, human rights, and international cooperation, with a regional focus on the Middle East\u2014particularly Iran. Dr. Bayar\u2019s work has appeared in journals such as\u00a0<em>All Azimuth<\/em>,\u00a0<em>Turkish Studies<\/em>,\u00a0<em>Southeast European and Black Sea Studies<\/em>, and\u00a0<em>Global Governance<\/em>. She has received several prestigious research grants, including the T\u00dcB\u0130TAK 3501 Career Development Grant for her project on unilateral withdrawals from multilateral treaties, the European Commission\u2019s Jean Monnet Module Grant for her work on international and European human rights protection, and the T\u00dcB\u0130TAK 1001 Grant for her ongoing research on the compliance of right-wing populist governments with international treaty regimes.<\/p>\n","protected":false},"excerpt":{"rendered":"<p>Tu\u011fba Bayar is a Lecturer in the International Relations Department at \u0130.D. Bilkent University. She holds a Ph.D. in International Relations from Otto-Friedrich-Universit\u00e4t Bamberg, Germany. Her research centers on international regimes, international law, human rights, and international cooperation, with a regional focus on the Middle East\u2014particularly Iran. Dr. Bayar\u2019s work has appeared in journals such&hellip;<\/p>\n","protected":false},"author":1,"featured_media":0,"parent":0,"menu_order":0,"comment_status":"closed","ping_status":"closed","template":"","meta":[],"_links":{"self":[{"href":"https:\/\/ir.bilkent.edu.tr\/index.php?rest_route=\/wp\/v2\/pages\/3023"}],"collection":[{"href":"https:\/\/ir.bilkent.edu.tr\/index.php?rest_route=\/wp\/v2\/pages"}],"about":[{"href":"https:\/\/ir.bilkent.edu.tr\/index.php?rest_route=\/wp\/v2\/types\/page"}],"author":[{"embeddable":true,"href":"https:\/\/ir.bilkent.edu.tr\/index.php?rest_route=\/wp\/v2\/users\/1"}],"replies":[{"embeddable":true,"href":"https:\/\/ir.bilkent.edu.tr\/index.php?rest_route=%2Fwp%2Fv2%2Fcomments&post=3023"}],"version-history":[{"count":2,"href":"https:\/\/ir.bilkent.edu.tr\/index.php?rest_route=\/wp\/v2\/pages\/3023\/revisions"}],"predecessor-version":[{"id":3026,"href":"https:\/\/ir.bilkent.edu.tr\/index.php?rest_route=\/wp\/v2\/pages\/3023\/revisions\/3026"}],"wp:attachment":[{"href":"https:\/\/ir.bilkent.edu.tr\/index.php?rest_route=%2Fwp%2Fv2%2Fmedia&parent=3023"}],"curies":[{"name":"wp","href":"https:\/\/api.w.org\/{rel}","templated":true}]}}