{"id":2575,"date":"2024-09-20T21:56:32","date_gmt":"2024-09-20T18:56:32","guid":{"rendered":"https:\/\/ir.bilkent.edu.tr\/?page_id=2575"},"modified":"2024-11-04T09:31:45","modified_gmt":"2024-11-04T06:31:45","slug":"pathways-for-global-ir-a-debate","status":"publish","type":"page","link":"https:\/\/ir.bilkent.edu.tr\/?page_id=2575","title":{"rendered":"PATHWAYS FOR GLOBAL IR: A DEBATE"},"content":{"rendered":"\n<p><strong>Pathways for Global IR: A Debate<\/strong><\/p>\n\n\n\n<p><strong>Date<\/strong>: October 2, 2024, Wednesday<\/p>\n\n\n\n<p><strong>Time<\/strong>: 12:30 pm<\/p>\n\n\n\n<p><strong>Place<\/strong>: FEASS A-130<\/p>\n\n\n\n<p><strong>Speakers:<\/strong><\/p>\n\n\n\n<p>Ay\u015fe Zarakol<\/p>\n\n\n\n<p>Ersel Ayd\u0131nl\u0131<\/p>\n\n\n\n<p><strong>Moderator<\/strong>:<\/p>\n\n\n\n<p>Se\u00e7kin K\u00f6stem<\/p>\n","protected":false},"excerpt":{"rendered":"<p>Pathways for Global IR: A Debate Date: October 2, 2024, Wednesday Time: 12:30 pm Place: FEASS A-130 Speakers: Ay\u015fe Zarakol Ersel Ayd\u0131nl\u0131 Moderator: Se\u00e7kin K\u00f6stem<\/p>\n","protected":false},"author":1,"featured_media":2576,"parent":0,"menu_order":0,"comment_status":"closed","ping_status":"closed","template":"","meta":[],"_links":{"self":[{"href":"https:\/\/ir.bilkent.edu.tr\/index.php?rest_route=\/wp\/v2\/pages\/2575"}],"collection":[{"href":"https:\/\/ir.bilkent.edu.tr\/index.php?rest_route=\/wp\/v2\/pages"}],"about":[{"href":"https:\/\/ir.bilkent.edu.tr\/index.php?rest_route=\/wp\/v2\/types\/page"}],"author":[{"embeddable":true,"href":"https:\/\/ir.bilkent.edu.tr\/index.php?rest_route=\/wp\/v2\/users\/1"}],"replies":[{"embeddable":true,"href":"https:\/\/ir.bilkent.edu.tr\/index.php?rest_route=%2Fwp%2Fv2%2Fcomments&post=2575"}],"version-history":[{"count":4,"href":"https:\/\/ir.bilkent.edu.tr\/index.php?rest_route=\/wp\/v2\/pages\/2575\/revisions"}],"predecessor-version":[{"id":2672,"href":"https:\/\/ir.bilkent.edu.tr\/index.php?rest_route=\/wp\/v2\/pages\/2575\/revisions\/2672"}],"wp:featuredmedia":[{"embeddable":true,"href":"https:\/\/ir.bilkent.edu.tr\/index.php?rest_route=\/wp\/v2\/media\/2576"}],"wp:attachment":[{"href":"https:\/\/ir.bilkent.edu.tr\/index.php?rest_route=%2Fwp%2Fv2%2Fmedia&parent=2575"}],"curies":[{"name":"wp","href":"https:\/\/api.w.org\/{rel}","templated":true}]}}